{"id":6036,"date":"2017-12-06T17:16:27","date_gmt":"2017-12-06T16:16:27","guid":{"rendered":"http:\/\/neu.ov-g20.de\/?page_id=6036"},"modified":"2026-01-04T12:49:26","modified_gmt":"2026-01-04T11:49:26","slug":"informationen-fuer-aussteller","status":"publish","type":"page","link":"https:\/\/ov-g20.de\/flohmarkt\/informationen-fuer-aussteller\/","title":{"rendered":"Informationen f\u00fcr Aussteller"},"content":{"rendered":"<section class=\"l-section wpb_row height_medium\"><div class=\"l-section-h i-cf\"><div class=\"g-cols vc_row type_default valign_top\"><div class=\"vc_col-sm-12 wpb_column vc_column_container\"><div class=\"vc_column-inner\"><div class=\"wpb_wrapper\"><div class=\"wpb_text_column\" ><div class=\"wpb_wrapper\"><div class=\"item-page\">\n<article class=\"art-post\">\n<div class=\"art-postcontent clearfix\">\n<div class=\"art-article\">\n<h2>Aufbau \/ Abbau<\/h2>\n<p>Der Flohmarkt findet am <strong>9.5.2026<\/strong>\u00a0statt. Unsere T\u00fcren Sind am Flohmarkttag f\u00fcr Aussteller bereits ab <strong>07:00 Uhr<\/strong> ge\u00f6ffnet. Bitte melde Dich vorab am <strong>Haupteingang<\/strong> um Deine <strong>Ausstellergeb\u00fchr<\/strong> zu begleichen (<em>falls noch nicht passiert<\/em>) und Deine Aussteller <strong>Eintrittskarten abzuholen<\/strong>. Danach stehen Dir zwei weitere Eing\u00e4nge in die Hallen zur Verf\u00fcgung.<\/p>\n<h2>Tisch Reservieren<\/h2>\n<p>Bitte benutze f\u00fcr Deine Tischreservierung nach M\u00f6glichkeit unser <a href=\"https:\/\/ov-g20.de\/flohmarkt\/tisch-reservieren\/\">Online Tisch Reservierungssystem<\/a><\/p>\n<p><!-- Die Tischreservierung startet am 15. Februar zusammen mit dem Ticket-Verkauf. -->Solltest Du dennoch Fragen haben, steht das Flohmarktteam Dir gerne mit Rat und Tat zur Verf\u00fcgung. Du erreichst uns unter der E-Mail Adresse <span id=\"cloakde736bc4114dfc51d2e192e4b5ff4229\"><a href=\"m&#97;&#105;&#x6c;&#x74;o:&#102;&#108;&#x6f;&#x68;ma&#114;&#107;&#x74;&#x40;ov&#45;&#x67;&#x32;&#x30;&#46;&#100;&#101;\" target=\"_blank\" rel=\"noopener noreferrer\">&#x66;&#x6c;&#x6f;&#104;&#109;&#97;rk&#x74;&#x40;&#x6f;&#x76;&#45;&#103;20&#x2e;&#x64;&#x65;<\/a><\/span> oder per Telefon unter 02238 \/ 448006 .<\/p>\n<h2>Preise<\/h2>\n<p>Die Preise pro Tisch (1,2m x 0,6m) betragen 10,00 \u20ac.<\/p>\n<p>Ein Doppeltisch (1,2m x 1,2m) kostet 20,00 \u20ac<\/p>\n<p>Hierbei ist der Eintritt bereits inklusive, bei mehreren Tischen wie folgt:<\/p>\n<table border=\"0\">\n<tbody>\n<tr>\n<td>1 Tisch (einzel oder doppel)<\/td>\n<td>1 x Eintritt inklusive<\/td>\n<\/tr>\n<tr>\n<td>2-4 Tische (einzel oder doppel)<\/td>\n<td>2 x Eintritt inklusive<\/td>\n<\/tr>\n<tr>\n<td>5-6 Tische (einzel oder doppel)<\/td>\n<td>3 x Eintritt inklusive<\/td>\n<\/tr>\n<tr>\n<td>7-8 Tische (einzel oder doppel)<\/td>\n<td>4 x Eintritt inklusive<\/td>\n<\/tr>\n<tr>\n<td>ab 9 Tische (einzel oder doppel)<\/td>\n<td>5 x Eintritt inklusive<\/td>\n<\/tr>\n<\/tbody>\n<\/table>\n<h2>Termin \/ Uhrzeit<\/h2>\n<p>Der Flohmarkt \u00f6ffnet seine T\u00fcren f\u00fcr Besucher am <strong>9.5.2026<\/strong> in der Zeit von <strong>9:00 Uhr<\/strong> bis <strong>14:00 Uhr<\/strong> .<\/p>\n<h2>Strom<\/h2>\n<p>Solltest Du f\u00fcr Deinen Stand Strom ben\u00f6tigen, so bitten wir Dich selber Stromkabel mitzubringen. Jedoch bitten wir Dich auch darum Deine Kabel <strong>NICHT<\/strong> selber abzukleben, da dies R\u00fcckst\u00e4nde auf den B\u00f6den hinterl\u00e4\u00dft. Sprech bitte unser Team an, wir erledigen dies dann f\u00fcr Dich.<\/p>\n<h2>Internet<\/h2>\n<p>Internet k\u00f6nnen wir leider nicht bereitstellen. Bitte benutze hierf\u00fcr das Mobilfunknetz.<\/p>\n<h2>Werbung<\/h2>\n<p>Jeder Aussteller wird in unsere\u00a0<a href=\"\/flohmarkt\/ausstellerliste\">Ausstellerliste<\/a> \u00fcbernommen. Wenn Du online bestellst hast Du die M\u00f6glichkeit, Deine Informationen bereits bei Deiner Anfrage einzutragen.<br \/>\n<span id=\"cloakc0d701b865b1806dff202fac96f08c5f\"><\/span><\/p>\n<h2>Bezahlung<\/h2>\n<p>Deine <strong>Ausstellergeb\u00fchr<\/strong> muss 3 Wochen vor Flohmarktbeginn bei uns eingegangen sein. Kontodaten und Zahlungsm\u00f6glichkeiten erh\u00e4ltst Du bei Deiner Reservierung.<br \/>\nNachdem Deine Zahlung bei uns eingegangen ist erh\u00e4ltst Du automatisch eine E-Mail mit einer Eingangsbest\u00e4tigung.<\/p>\n<h2>Anfahrt<\/h2>\n<p>Eine genaue Anfahrtsbeschreibung findest Du unter <strong><a href=\"\/flohmarkt\/anfahrt\/\">Anfahrt<\/a><\/strong>.<\/p>\n<h2>Das Leibliche Wohl<\/h2>\n<p>Unser <strong>Cafeteria<\/strong> Team wird sich auch in diesem Jahr wieder um Dein leibliches Wohl k\u00fcmmern. Kaffee und Kuchen, Erfrischungsgetr\u00e4nke, belegte Br\u00f6tchen, W\u00fcrstchen usw. kannst Du hier zu <strong>fairen Preisen<\/strong> bekommen.<\/p>\n<h2>Parken<\/h2>\n<p>Vor dem B\u00fcrgerhaus ist ein gro\u00dfer <strong>Parkplatz<\/strong>, den Du gerne kostenlos nutzen kannst. Weitere Parkpl\u00e4tze findest Du hinter der angrenzenden <strong>Gesamtschule<\/strong> (ca. 2 Gehminuten entfernt) sowie am <strong>Bahnhof<\/strong> in Bergheim Quadrath (ca. 5 Gehminuten entfernt).<\/p>\n<p>Das Parken an den Notausg\u00e4ngen der Hallen ist aus brandschutztechnischen Gegebenheiten nicht gestattet. Fahrzeuge, die hier abgestellt werden, werden ohne vorherige Mitteilung kostenpflichtig entfernt.<\/p>\n<\/div>\n<\/div>\n<\/article>\n<\/div>\n<\/div><\/div><\/div><\/div><\/div><\/div><\/div><\/section>\n","protected":false},"excerpt":{"rendered":"Aufbau \/ Abbau Der Flohmarkt findet am 9.5.2026\u00a0statt. Unsere T\u00fcren Sind am Flohmarkttag f\u00fcr Aussteller bereits ab 07:00 Uhr ge\u00f6ffnet. Bitte melde Dich vorab am Haupteingang um Deine Ausstellergeb\u00fchr zu begleichen (falls noch nicht passiert) und Deine Aussteller Eintrittskarten abzuholen. Danach stehen Dir zwei weitere Eing\u00e4nge in die Hallen zur Verf\u00fcgung. Tisch Reservieren Bitte benutze...","protected":false},"author":1,"featured_media":0,"parent":0,"menu_order":0,"comment_status":"closed","ping_status":"closed","template":"","meta":[],"yoast_head":"<!-- This site is optimized with the Yoast SEO plugin v17.6 - https:\/\/yoast.com\/wordpress\/plugins\/seo\/ -->\n<title>Informationen f\u00fcr Aussteller - DARC G20 Flohmarkt Bergheim<\/title>\n<meta name=\"robots\" content=\"index, follow, max-snippet:-1, max-image-preview:large, max-video-preview:-1\" \/>\n<link rel=\"canonical\" href=\"https:\/\/ov-g20.de\/flohmarkt\/informationen-fuer-aussteller\/\" \/>\n<meta property=\"og:locale\" content=\"de_DE\" \/>\n<meta property=\"og:type\" content=\"article\" \/>\n<meta property=\"og:title\" content=\"Informationen f\u00fcr Aussteller - DARC G20 Flohmarkt Bergheim\" \/>\n<meta property=\"og:url\" content=\"https:\/\/ov-g20.de\/flohmarkt\/informationen-fuer-aussteller\/\" \/>\n<meta property=\"og:site_name\" content=\"DARC G20 Flohmarkt Bergheim\" \/>\n<meta property=\"article:modified_time\" content=\"2026-01-04T11:49:26+00:00\" \/>\n<meta name=\"twitter:card\" content=\"summary_large_image\" \/>\n<meta name=\"twitter:label1\" content=\"Gesch\u00e4tzte Lesezeit\" \/>\n\t<meta name=\"twitter:data1\" content=\"2 Minuten\" \/>\n<script type=\"application\/ld+json\" class=\"yoast-schema-graph\">{\"@context\":\"https:\/\/schema.org\",\"@graph\":[{\"@type\":\"WebSite\",\"@id\":\"https:\/\/ov-g20.de\/flohmarkt\/#website\",\"url\":\"https:\/\/ov-g20.de\/flohmarkt\/\",\"name\":\"DARC G20 Flohmarkt Bergheim\",\"description\":\"Der Treffpunkt im Westen\",\"potentialAction\":[{\"@type\":\"SearchAction\",\"target\":{\"@type\":\"EntryPoint\",\"urlTemplate\":\"https:\/\/ov-g20.de\/flohmarkt\/?s={search_term_string}\"},\"query-input\":\"required name=search_term_string\"}],\"inLanguage\":\"de-DE\"},{\"@type\":\"WebPage\",\"@id\":\"https:\/\/ov-g20.de\/flohmarkt\/informationen-fuer-aussteller\/#webpage\",\"url\":\"https:\/\/ov-g20.de\/flohmarkt\/informationen-fuer-aussteller\/\",\"name\":\"Informationen f\\u00fcr Aussteller - DARC G20 Flohmarkt Bergheim\",\"isPartOf\":{\"@id\":\"https:\/\/ov-g20.de\/flohmarkt\/#website\"},\"datePublished\":\"2017-12-06T16:16:27+00:00\",\"dateModified\":\"2026-01-04T11:49:26+00:00\",\"breadcrumb\":{\"@id\":\"https:\/\/ov-g20.de\/flohmarkt\/informationen-fuer-aussteller\/#breadcrumb\"},\"inLanguage\":\"de-DE\",\"potentialAction\":[{\"@type\":\"ReadAction\",\"target\":[\"https:\/\/ov-g20.de\/flohmarkt\/informationen-fuer-aussteller\/\"]}]},{\"@type\":\"BreadcrumbList\",\"@id\":\"https:\/\/ov-g20.de\/flohmarkt\/informationen-fuer-aussteller\/#breadcrumb\",\"itemListElement\":[{\"@type\":\"ListItem\",\"position\":1,\"name\":\"Informationen f\\u00fcr Aussteller\"}]}]}<\/script>\n<!-- \/ Yoast SEO plugin. -->","yoast_head_json":{"title":"Informationen f\u00fcr Aussteller - DARC G20 Flohmarkt Bergheim","robots":{"index":"index","follow":"follow","max-snippet":"max-snippet:-1","max-image-preview":"max-image-preview:large","max-video-preview":"max-video-preview:-1"},"canonical":"https:\/\/ov-g20.de\/flohmarkt\/informationen-fuer-aussteller\/","og_locale":"de_DE","og_type":"article","og_title":"Informationen f\u00fcr Aussteller - DARC G20 Flohmarkt Bergheim","og_url":"https:\/\/ov-g20.de\/flohmarkt\/informationen-fuer-aussteller\/","og_site_name":"DARC G20 Flohmarkt Bergheim","article_modified_time":"2026-01-04T11:49:26+00:00","twitter_card":"summary_large_image","twitter_misc":{"Gesch\u00e4tzte Lesezeit":"2 Minuten"},"schema":{"@context":"https:\/\/schema.org","@graph":[{"@type":"WebSite","@id":"https:\/\/ov-g20.de\/flohmarkt\/#website","url":"https:\/\/ov-g20.de\/flohmarkt\/","name":"DARC G20 Flohmarkt Bergheim","description":"Der Treffpunkt im Westen","potentialAction":[{"@type":"SearchAction","target":{"@type":"EntryPoint","urlTemplate":"https:\/\/ov-g20.de\/flohmarkt\/?s={search_term_string}"},"query-input":"required name=search_term_string"}],"inLanguage":"de-DE"},{"@type":"WebPage","@id":"https:\/\/ov-g20.de\/flohmarkt\/informationen-fuer-aussteller\/#webpage","url":"https:\/\/ov-g20.de\/flohmarkt\/informationen-fuer-aussteller\/","name":"Informationen f\u00fcr Aussteller - DARC G20 Flohmarkt Bergheim","isPartOf":{"@id":"https:\/\/ov-g20.de\/flohmarkt\/#website"},"datePublished":"2017-12-06T16:16:27+00:00","dateModified":"2026-01-04T11:49:26+00:00","breadcrumb":{"@id":"https:\/\/ov-g20.de\/flohmarkt\/informationen-fuer-aussteller\/#breadcrumb"},"inLanguage":"de-DE","potentialAction":[{"@type":"ReadAction","target":["https:\/\/ov-g20.de\/flohmarkt\/informationen-fuer-aussteller\/"]}]},{"@type":"BreadcrumbList","@id":"https:\/\/ov-g20.de\/flohmarkt\/informationen-fuer-aussteller\/#breadcrumb","itemListElement":[{"@type":"ListItem","position":1,"name":"Informationen f\u00fcr Aussteller"}]}]}},"_links":{"self":[{"href":"https:\/\/ov-g20.de\/flohmarkt\/wp-json\/wp\/v2\/pages\/6036"}],"collection":[{"href":"https:\/\/ov-g20.de\/flohmarkt\/wp-json\/wp\/v2\/pages"}],"about":[{"href":"https:\/\/ov-g20.de\/flohmarkt\/wp-json\/wp\/v2\/types\/page"}],"author":[{"embeddable":true,"href":"https:\/\/ov-g20.de\/flohmarkt\/wp-json\/wp\/v2\/users\/1"}],"replies":[{"embeddable":true,"href":"https:\/\/ov-g20.de\/flohmarkt\/wp-json\/wp\/v2\/comments?post=6036"}],"version-history":[{"count":31,"href":"https:\/\/ov-g20.de\/flohmarkt\/wp-json\/wp\/v2\/pages\/6036\/revisions"}],"predecessor-version":[{"id":11542,"href":"https:\/\/ov-g20.de\/flohmarkt\/wp-json\/wp\/v2\/pages\/6036\/revisions\/11542"}],"wp:attachment":[{"href":"https:\/\/ov-g20.de\/flohmarkt\/wp-json\/wp\/v2\/media?parent=6036"}],"curies":[{"name":"wp","href":"https:\/\/api.w.org\/{rel}","templated":true}]}}