{"id":9279,"date":"2021-01-21T13:54:27","date_gmt":"2021-01-21T12:54:27","guid":{"rendered":"http:\/\/ov-g20.de\/flohmarkt\/?page_id=9279"},"modified":"2021-01-27T15:59:35","modified_gmt":"2021-01-27T14:59:35","slug":"38-flohmarkt","status":"publish","type":"page","link":"https:\/\/ov-g20.de\/flohmarkt\/archiv\/38-flohmarkt\/","title":{"rendered":"38. Flohmarkt 2019 &#8211; 23. M\u00e4rz 2019"},"content":{"rendered":"<section class=\"l-section wpb_row us_custom_19737bc8 height_medium\"><div class=\"l-section-h i-cf\"><div class=\"g-cols vc_row type_default valign_top\"><div class=\"vc_col-sm-12 wpb_column vc_column_container\"><div class=\"vc_column-inner\"><div class=\"wpb_wrapper\">[vc_custom_heading text=&#8221;Vortragsprogramm&#8221; font_container=&#8221;tag:h2|text_align:center&#8221; use_theme_fonts=&#8221;yes&#8221;]<\/div><\/div><\/div><\/div><\/div><\/section><section class=\"l-section wpb_row height_medium\"><div class=\"l-section-h i-cf\"><div class=\"g-cols vc_row type_default valign_top\"><div class=\"vc_col-sm-3 wpb_column vc_column_container\"><div class=\"vc_column-inner\"><div class=\"wpb_wrapper\"><div class=\"w-image align_none\"><div class=\"w-image-h\"><img width=\"640\" height=\"480\" src=\"https:\/\/ov-g20.de\/flohmarkt\/wp-content\/uploads\/sites\/2\/2021\/01\/3DDruck.jpg\" class=\"attachment-large size-large\" alt=\"\" loading=\"lazy\" srcset=\"https:\/\/ov-g20.de\/flohmarkt\/wp-content\/uploads\/sites\/2\/2021\/01\/3DDruck.jpg 640w, https:\/\/ov-g20.de\/flohmarkt\/wp-content\/uploads\/sites\/2\/2021\/01\/3DDruck-300x225.jpg 300w, https:\/\/ov-g20.de\/flohmarkt\/wp-content\/uploads\/sites\/2\/2021\/01\/3DDruck-600x450.jpg 600w\" sizes=\"(max-width: 640px) 100vw, 640px\" \/><\/div><\/div><\/div><\/div><\/div><div class=\"vc_col-sm-9 wpb_column vc_column_container\"><div class=\"vc_column-inner\"><div class=\"wpb_wrapper\"><div class=\"wpb_text_column\" ><div class=\"wpb_wrapper\"><p><strong>3D Druck<\/strong><\/p>\n<p>Thomas DL2KTH<br \/>\ngibt einen \u00dcberblick \u00fcber den 3D Druck im Hobby Bereich.<\/p>\n<\/div><\/div><\/div><\/div><\/div><\/div><\/div><\/section><section class=\"l-section wpb_row height_medium\"><div class=\"l-section-h i-cf\"><div class=\"g-cols vc_row type_default valign_top\"><div class=\"vc_col-sm-3 wpb_column vc_column_container\"><div class=\"vc_column-inner\"><div class=\"wpb_wrapper\"><div class=\"w-image align_none\"><div class=\"w-image-h\"><img width=\"500\" height=\"500\" src=\"https:\/\/ov-g20.de\/flohmarkt\/wp-content\/uploads\/sites\/2\/2021\/01\/portrait-arthur-konze-dl2art.jpg\" class=\"attachment-large size-large\" alt=\"\" loading=\"lazy\" srcset=\"https:\/\/ov-g20.de\/flohmarkt\/wp-content\/uploads\/sites\/2\/2021\/01\/portrait-arthur-konze-dl2art.jpg 500w, https:\/\/ov-g20.de\/flohmarkt\/wp-content\/uploads\/sites\/2\/2021\/01\/portrait-arthur-konze-dl2art-300x300.jpg 300w, https:\/\/ov-g20.de\/flohmarkt\/wp-content\/uploads\/sites\/2\/2021\/01\/portrait-arthur-konze-dl2art-150x150.jpg 150w, https:\/\/ov-g20.de\/flohmarkt\/wp-content\/uploads\/sites\/2\/2021\/01\/portrait-arthur-konze-dl2art-350x350.jpg 350w\" sizes=\"(max-width: 500px) 100vw, 500px\" \/><\/div><\/div><\/div><\/div><\/div><div class=\"vc_col-sm-9 wpb_column vc_column_container\"><div class=\"vc_column-inner\"><div class=\"wpb_wrapper\"><div class=\"wpb_text_column\" ><div class=\"wpb_wrapper\"><p><strong>FT8<\/strong><\/p>\n<p>Arthur DL2ART von <a href=\"http:\/\/www.funkwelle.com\" target=\"_blank\" rel=\"noopener\">Funkwelle.com<\/a><br \/>\nVorstellung und einf\u00fchrung in die Betriebsart FT8.<\/p>\n<\/div><\/div><\/div><\/div><\/div><\/div><\/div><\/section><section class=\"l-section wpb_row height_medium\"><div class=\"l-section-h i-cf\"><div class=\"g-cols vc_row type_default valign_top\"><div class=\"vc_col-sm-3 wpb_column vc_column_container\"><div class=\"vc_column-inner\"><div class=\"wpb_wrapper\"><div class=\"w-image align_none\"><div class=\"w-image-h\"><img width=\"851\" height=\"414\" src=\"https:\/\/ov-g20.de\/flohmarkt\/wp-content\/uploads\/sites\/2\/2021\/01\/dmr_logo.jpg\" class=\"attachment-large size-large\" alt=\"\" loading=\"lazy\" srcset=\"https:\/\/ov-g20.de\/flohmarkt\/wp-content\/uploads\/sites\/2\/2021\/01\/dmr_logo.jpg 851w, https:\/\/ov-g20.de\/flohmarkt\/wp-content\/uploads\/sites\/2\/2021\/01\/dmr_logo-300x146.jpg 300w, https:\/\/ov-g20.de\/flohmarkt\/wp-content\/uploads\/sites\/2\/2021\/01\/dmr_logo-600x292.jpg 600w\" sizes=\"(max-width: 851px) 100vw, 851px\" \/><\/div><\/div><\/div><\/div><\/div><div class=\"vc_col-sm-9 wpb_column vc_column_container\"><div class=\"vc_column-inner\"><div class=\"wpb_wrapper\"><div class=\"wpb_text_column\" ><div class=\"wpb_wrapper\"><p><strong>DMR Workshop<\/strong><\/p>\n<p>Michael DO3BOX<br \/>\nEinf\u00fchrung in die Erstellung eines Codeplugs.<\/p>\n<\/div><\/div><\/div><\/div><\/div><\/div><\/div><\/section><section class=\"l-section wpb_row height_medium\"><div class=\"l-section-h i-cf\"><div class=\"g-cols vc_row type_default valign_top\"><div class=\"vc_col-sm-3 wpb_column vc_column_container\"><div class=\"vc_column-inner\"><div class=\"wpb_wrapper\"><div class=\"w-image us_custom_b7a68ffe align_none\"><div class=\"w-image-h\"><img width=\"1024\" height=\"585\" src=\"https:\/\/ov-g20.de\/flohmarkt\/wp-content\/uploads\/sites\/2\/2021\/01\/ve_team_arrl_vec-1024x585.png\" class=\"attachment-large size-large\" alt=\"\" loading=\"lazy\" srcset=\"https:\/\/ov-g20.de\/flohmarkt\/wp-content\/uploads\/sites\/2\/2021\/01\/ve_team_arrl_vec-1024x585.png 1024w, https:\/\/ov-g20.de\/flohmarkt\/wp-content\/uploads\/sites\/2\/2021\/01\/ve_team_arrl_vec-300x171.png 300w, https:\/\/ov-g20.de\/flohmarkt\/wp-content\/uploads\/sites\/2\/2021\/01\/ve_team_arrl_vec-600x343.png 600w, https:\/\/ov-g20.de\/flohmarkt\/wp-content\/uploads\/sites\/2\/2021\/01\/ve_team_arrl_vec.png 1050w\" sizes=\"(max-width: 1024px) 100vw, 1024px\" \/><\/div><\/div><\/div><\/div><\/div><div class=\"vc_col-sm-9 wpb_column vc_column_container\"><div class=\"vc_column-inner\"><div class=\"wpb_wrapper\"><div class=\"wpb_text_column\" ><div class=\"wpb_wrapper\"><p><strong>US Lizenzpr\u00fcfung auf dem Bergheimer Amateurfunk Flohmarkt<\/strong><\/p>\n<p>In diesem Jahr wird das VE Team West eine US Lizenzpr\u00fcfung auf dem Bergheimer Amateurfunk Flohmarkt abhalten.<br \/>\nDa die Anzahl der Pr\u00fcflinge begrenzt ist, ist schnelles anmelden von Vorteil.<\/p>\n<p>Weitere Informationen findet Ihr auf den Seiten des <a href=\"https:\/\/www.ve-team-west.de\/\" target=\"_blank\" rel=\"noopener\">VE Team West<\/a>.<\/p>\n<\/div><\/div><\/div><\/div><\/div><\/div><\/div><\/section>\n","protected":false},"excerpt":{"rendered":"[vc_custom_heading text=\"Vortragsprogramm\" font_container=\"tag:h2|text_align:center\" use_theme_fonts=\"yes\"]3D Druck Thomas DL2KTH gibt einen \u00dcberblick \u00fcber den 3D Druck im Hobby Bereich. FT8 Arthur DL2ART von Funkwelle.com Vorstellung und einf\u00fchrung in die Betriebsart FT8. DMR Workshop Michael DO3BOX Einf\u00fchrung in die Erstellung eines Codeplugs. US Lizenzpr\u00fcfung auf dem Bergheimer Amateurfunk Flohmarkt In diesem Jahr wird das VE Team West eine...","protected":false},"author":1,"featured_media":0,"parent":6797,"menu_order":0,"comment_status":"closed","ping_status":"closed","template":"","meta":[],"yoast_head":"<!-- This site is optimized with the Yoast SEO plugin v17.6 - https:\/\/yoast.com\/wordpress\/plugins\/seo\/ -->\n<title>38. Flohmarkt 2019 - 23. M\u00e4rz 2019 - DARC G20 Flohmarkt Bergheim<\/title>\n<meta name=\"robots\" content=\"index, follow, max-snippet:-1, max-image-preview:large, max-video-preview:-1\" \/>\n<link rel=\"canonical\" href=\"https:\/\/ov-g20.de\/flohmarkt\/archiv\/38-flohmarkt\/\" \/>\n<meta property=\"og:locale\" content=\"de_DE\" \/>\n<meta property=\"og:type\" content=\"article\" \/>\n<meta property=\"og:title\" content=\"38. Flohmarkt 2019 - 23. M\u00e4rz 2019 - DARC G20 Flohmarkt Bergheim\" \/>\n<meta property=\"og:url\" content=\"https:\/\/ov-g20.de\/flohmarkt\/archiv\/38-flohmarkt\/\" \/>\n<meta property=\"og:site_name\" content=\"DARC G20 Flohmarkt Bergheim\" \/>\n<meta property=\"article:modified_time\" content=\"2021-01-27T14:59:35+00:00\" \/>\n<meta name=\"twitter:card\" content=\"summary_large_image\" \/>\n<meta name=\"twitter:label1\" content=\"Gesch\u00e4tzte Lesezeit\" \/>\n\t<meta name=\"twitter:data1\" content=\"1 Minute\" \/>\n<script type=\"application\/ld+json\" class=\"yoast-schema-graph\">{\"@context\":\"https:\/\/schema.org\",\"@graph\":[{\"@type\":\"WebSite\",\"@id\":\"https:\/\/ov-g20.de\/flohmarkt\/#website\",\"url\":\"https:\/\/ov-g20.de\/flohmarkt\/\",\"name\":\"DARC G20 Flohmarkt Bergheim\",\"description\":\"Der Treffpunkt im Westen\",\"potentialAction\":[{\"@type\":\"SearchAction\",\"target\":{\"@type\":\"EntryPoint\",\"urlTemplate\":\"https:\/\/ov-g20.de\/flohmarkt\/?s={search_term_string}\"},\"query-input\":\"required name=search_term_string\"}],\"inLanguage\":\"de-DE\"},{\"@type\":\"WebPage\",\"@id\":\"https:\/\/ov-g20.de\/flohmarkt\/archiv\/38-flohmarkt\/#webpage\",\"url\":\"https:\/\/ov-g20.de\/flohmarkt\/archiv\/38-flohmarkt\/\",\"name\":\"38. Flohmarkt 2019 - 23. M\\u00e4rz 2019 - DARC G20 Flohmarkt Bergheim\",\"isPartOf\":{\"@id\":\"https:\/\/ov-g20.de\/flohmarkt\/#website\"},\"datePublished\":\"2021-01-21T12:54:27+00:00\",\"dateModified\":\"2021-01-27T14:59:35+00:00\",\"breadcrumb\":{\"@id\":\"https:\/\/ov-g20.de\/flohmarkt\/archiv\/38-flohmarkt\/#breadcrumb\"},\"inLanguage\":\"de-DE\",\"potentialAction\":[{\"@type\":\"ReadAction\",\"target\":[\"https:\/\/ov-g20.de\/flohmarkt\/archiv\/38-flohmarkt\/\"]}]},{\"@type\":\"BreadcrumbList\",\"@id\":\"https:\/\/ov-g20.de\/flohmarkt\/archiv\/38-flohmarkt\/#breadcrumb\",\"itemListElement\":[{\"@type\":\"ListItem\",\"position\":1,\"name\":\"Archiv\",\"item\":\"https:\/\/ov-g20.de\/flohmarkt\/archiv\/\"},{\"@type\":\"ListItem\",\"position\":2,\"name\":\"38. Flohmarkt 2019 &#8211; 23. M\\u00e4rz 2019\"}]}]}<\/script>\n<!-- \/ Yoast SEO plugin. -->","yoast_head_json":{"title":"38. Flohmarkt 2019 - 23. M\u00e4rz 2019 - DARC G20 Flohmarkt Bergheim","robots":{"index":"index","follow":"follow","max-snippet":"max-snippet:-1","max-image-preview":"max-image-preview:large","max-video-preview":"max-video-preview:-1"},"canonical":"https:\/\/ov-g20.de\/flohmarkt\/archiv\/38-flohmarkt\/","og_locale":"de_DE","og_type":"article","og_title":"38. Flohmarkt 2019 - 23. M\u00e4rz 2019 - DARC G20 Flohmarkt Bergheim","og_url":"https:\/\/ov-g20.de\/flohmarkt\/archiv\/38-flohmarkt\/","og_site_name":"DARC G20 Flohmarkt Bergheim","article_modified_time":"2021-01-27T14:59:35+00:00","twitter_card":"summary_large_image","twitter_misc":{"Gesch\u00e4tzte Lesezeit":"1 Minute"},"schema":{"@context":"https:\/\/schema.org","@graph":[{"@type":"WebSite","@id":"https:\/\/ov-g20.de\/flohmarkt\/#website","url":"https:\/\/ov-g20.de\/flohmarkt\/","name":"DARC G20 Flohmarkt Bergheim","description":"Der Treffpunkt im Westen","potentialAction":[{"@type":"SearchAction","target":{"@type":"EntryPoint","urlTemplate":"https:\/\/ov-g20.de\/flohmarkt\/?s={search_term_string}"},"query-input":"required name=search_term_string"}],"inLanguage":"de-DE"},{"@type":"WebPage","@id":"https:\/\/ov-g20.de\/flohmarkt\/archiv\/38-flohmarkt\/#webpage","url":"https:\/\/ov-g20.de\/flohmarkt\/archiv\/38-flohmarkt\/","name":"38. Flohmarkt 2019 - 23. M\u00e4rz 2019 - DARC G20 Flohmarkt Bergheim","isPartOf":{"@id":"https:\/\/ov-g20.de\/flohmarkt\/#website"},"datePublished":"2021-01-21T12:54:27+00:00","dateModified":"2021-01-27T14:59:35+00:00","breadcrumb":{"@id":"https:\/\/ov-g20.de\/flohmarkt\/archiv\/38-flohmarkt\/#breadcrumb"},"inLanguage":"de-DE","potentialAction":[{"@type":"ReadAction","target":["https:\/\/ov-g20.de\/flohmarkt\/archiv\/38-flohmarkt\/"]}]},{"@type":"BreadcrumbList","@id":"https:\/\/ov-g20.de\/flohmarkt\/archiv\/38-flohmarkt\/#breadcrumb","itemListElement":[{"@type":"ListItem","position":1,"name":"Archiv","item":"https:\/\/ov-g20.de\/flohmarkt\/archiv\/"},{"@type":"ListItem","position":2,"name":"38. Flohmarkt 2019 &#8211; 23. M\u00e4rz 2019"}]}]}},"_links":{"self":[{"href":"https:\/\/ov-g20.de\/flohmarkt\/wp-json\/wp\/v2\/pages\/9279"}],"collection":[{"href":"https:\/\/ov-g20.de\/flohmarkt\/wp-json\/wp\/v2\/pages"}],"about":[{"href":"https:\/\/ov-g20.de\/flohmarkt\/wp-json\/wp\/v2\/types\/page"}],"author":[{"embeddable":true,"href":"https:\/\/ov-g20.de\/flohmarkt\/wp-json\/wp\/v2\/users\/1"}],"replies":[{"embeddable":true,"href":"https:\/\/ov-g20.de\/flohmarkt\/wp-json\/wp\/v2\/comments?post=9279"}],"version-history":[{"count":11,"href":"https:\/\/ov-g20.de\/flohmarkt\/wp-json\/wp\/v2\/pages\/9279\/revisions"}],"predecessor-version":[{"id":9588,"href":"https:\/\/ov-g20.de\/flohmarkt\/wp-json\/wp\/v2\/pages\/9279\/revisions\/9588"}],"up":[{"embeddable":true,"href":"https:\/\/ov-g20.de\/flohmarkt\/wp-json\/wp\/v2\/pages\/6797"}],"wp:attachment":[{"href":"https:\/\/ov-g20.de\/flohmarkt\/wp-json\/wp\/v2\/media?parent=9279"}],"curies":[{"name":"wp","href":"https:\/\/api.w.org\/{rel}","templated":true}]}}

38. Flohmarkt 2019 &#8211; 23. März 2019

<section class="l-section wpb_row us_custom_19737bc8 height_medium"><div class="l-section-h i-cf"><div class="g-cols vc_row type_default valign_top"><div class="vc_col-sm-12 wpb_column vc_column_container"><div class="vc_column-inner"><div class="wpb_wrapper">[vc_custom_heading text=&#8221;Vortragsprogramm&#8221; font_container=&#8221;tag:h2|text_align:center&#8221; use_theme_fonts=&#8221;yes&#8221;]</div></div></div></div></div></section><section class="l-section wpb_row height_medium"><div class="l-section-h i-cf"><div class="g-cols vc_row type_default valign_top"><div class="vc_col-sm-3 wpb_column vc_column_container"><div class="vc_column-inner"><div class="wpb_wrapper"><div class="w-image align_none"><div class="w-image-h"><img width="640" height="480" src="https://ov-g20.de/flohmarkt/wp-content/uploads/sites/2/2021/01/3DDruck.jpg" class="attachment-large size-large" alt="" loading="lazy" srcset="https://ov-g20.de/flohmarkt/wp-content/uploads/sites/2/2021/01/3DDruck.jpg 640w, https://ov-g20.de/flohmarkt/wp-content/uploads/sites/2/2021/01/3DDruck-300x225.jpg 300w, https://ov-g20.de/flohmarkt/wp-content/uploads/sites/2/2021/01/3DDruck-600x450.jpg 600w" sizes="(max-width: 640px) 100vw, 640px" /></div></div></div></div></div><div class="vc_col-sm-9 wpb_column vc_column_container"><div class="vc_column-inner"><div class="wpb_wrapper"><div class="wpb_text_column" ><div class="wpb_wrapper"><p><strong>3D Druck</strong></p>
<p>Thomas DL2KTH<br />
gibt einen Überblick über den 3D Druck im Hobby Bereich.</p>
</div></div></div></div></div></div></div></section><section class="l-section wpb_row height_medium"><div class="l-section-h i-cf"><div class="g-cols vc_row type_default valign_top"><div class="vc_col-sm-3 wpb_column vc_column_container"><div class="vc_column-inner"><div class="wpb_wrapper"><div class="w-image align_none"><div class="w-image-h"><img width="500" height="500" src="https://ov-g20.de/flohmarkt/wp-content/uploads/sites/2/2021/01/portrait-arthur-konze-dl2art.jpg" class="attachment-large size-large" alt="" loading="lazy" srcset="https://ov-g20.de/flohmarkt/wp-content/uploads/sites/2/2021/01/portrait-arthur-konze-dl2art.jpg 500w, https://ov-g20.de/flohmarkt/wp-content/uploads/sites/2/2021/01/portrait-arthur-konze-dl2art-300x300.jpg 300w, https://ov-g20.de/flohmarkt/wp-content/uploads/sites/2/2021/01/portrait-arthur-konze-dl2art-150x150.jpg 150w, https://ov-g20.de/flohmarkt/wp-content/uploads/sites/2/2021/01/portrait-arthur-konze-dl2art-350x350.jpg 350w" sizes="(max-width: 500px) 100vw, 500px" /></div></div></div></div></div><div class="vc_col-sm-9 wpb_column vc_column_container"><div class="vc_column-inner"><div class="wpb_wrapper"><div class="wpb_text_column" ><div class="wpb_wrapper"><p><strong>FT8</strong></p>
<p>Arthur DL2ART von <a href="http://www.funkwelle.com" target="_blank" rel="noopener">Funkwelle.com</a><br />
Vorstellung und einführung in die Betriebsart FT8.</p>
</div></div></div></div></div></div></div></section><section class="l-section wpb_row height_medium"><div class="l-section-h i-cf"><div class="g-cols vc_row type_default valign_top"><div class="vc_col-sm-3 wpb_column vc_column_container"><div class="vc_column-inner"><div class="wpb_wrapper"><div class="w-image align_none"><div class="w-image-h"><img width="851" height="414" src="https://ov-g20.de/flohmarkt/wp-content/uploads/sites/2/2021/01/dmr_logo.jpg" class="attachment-large size-large" alt="" loading="lazy" srcset="https://ov-g20.de/flohmarkt/wp-content/uploads/sites/2/2021/01/dmr_logo.jpg 851w, https://ov-g20.de/flohmarkt/wp-content/uploads/sites/2/2021/01/dmr_logo-300x146.jpg 300w, https://ov-g20.de/flohmarkt/wp-content/uploads/sites/2/2021/01/dmr_logo-600x292.jpg 600w" sizes="(max-width: 851px) 100vw, 851px" /></div></div></div></div></div><div class="vc_col-sm-9 wpb_column vc_column_container"><div class="vc_column-inner"><div class="wpb_wrapper"><div class="wpb_text_column" ><div class="wpb_wrapper"><p><strong>DMR Workshop</strong></p>
<p>Michael DO3BOX<br />
Einführung in die Erstellung eines Codeplugs.</p>
</div></div></div></div></div></div></div></section><section class="l-section wpb_row height_medium"><div class="l-section-h i-cf"><div class="g-cols vc_row type_default valign_top"><div class="vc_col-sm-3 wpb_column vc_column_container"><div class="vc_column-inner"><div class="wpb_wrapper"><div class="w-image us_custom_b7a68ffe align_none"><div class="w-image-h"><img width="1024" height="585" src="https://ov-g20.de/flohmarkt/wp-content/uploads/sites/2/2021/01/ve_team_arrl_vec-1024x585.png" class="attachment-large size-large" alt="" loading="lazy" srcset="https://ov-g20.de/flohmarkt/wp-content/uploads/sites/2/2021/01/ve_team_arrl_vec-1024x585.png 1024w, https://ov-g20.de/flohmarkt/wp-content/uploads/sites/2/2021/01/ve_team_arrl_vec-300x171.png 300w, https://ov-g20.de/flohmarkt/wp-content/uploads/sites/2/2021/01/ve_team_arrl_vec-600x343.png 600w, https://ov-g20.de/flohmarkt/wp-content/uploads/sites/2/2021/01/ve_team_arrl_vec.png 1050w" sizes="(max-width: 1024px) 100vw, 1024px" /></div></div></div></div></div><div class="vc_col-sm-9 wpb_column vc_column_container"><div class="vc_column-inner"><div class="wpb_wrapper"><div class="wpb_text_column" ><div class="wpb_wrapper"><p><strong>US Lizenzprüfung auf dem Bergheimer Amateurfunk Flohmarkt</strong></p>
<p>In diesem Jahr wird das VE Team West eine US Lizenzprüfung auf dem Bergheimer Amateurfunk Flohmarkt abhalten.<br />
Da die Anzahl der Prüflinge begrenzt ist, ist schnelles anmelden von Vorteil.</p>
<p>Weitere Informationen findet Ihr auf den Seiten des <a href="https://www.ve-team-west.de/" target="_blank" rel="noopener">VE Team West</a>.</p>
</div></div></div></div></div></div></div></section>

[vc_custom_heading text="Vortragsprogramm" font_container="tag:h2|text_align:center" use_theme_fonts="yes"]3D Druck Thomas DL2KTH gibt einen Überblick über den 3D Druck im Hobby Bereich. FT8 Arthur DL2ART von Funkwelle.com Vorstellung und einführung in die Betriebsart FT8. DMR Workshop Michael DO3BOX Einführung in die Erstellung eines Codeplugs. US Lizenzprüfung auf dem Bergheimer Amateurfunk Flohmarkt In diesem Jahr wird das VE Team West eine...

<!-- This site is optimized with the Yoast SEO plugin v17.6 - https://yoast.com/wordpress/plugins/seo/ -->
<title>38. Flohmarkt 2019 - 23. März 2019 - DARC G20 Flohmarkt Bergheim</title>
<meta name="robots" content="index, follow, max-snippet:-1, max-image-preview:large, max-video-preview:-1" />
<link rel="canonical" href="https://ov-g20.de/flohmarkt/archiv/38-flohmarkt/" />
<meta property="og:locale" content="de_DE" />
<meta property="og:type" content="article" />
<meta property="og:title" content="38. Flohmarkt 2019 - 23. März 2019 - DARC G20 Flohmarkt Bergheim" />
<meta property="og:url" content="https://ov-g20.de/flohmarkt/archiv/38-flohmarkt/" />
<meta property="og:site_name" content="DARC G20 Flohmarkt Bergheim" />
<meta property="article:modified_time" content="2021-01-27T14:59:35+00:00" />
<meta name="twitter:card" content="summary_large_image" />
<meta name="twitter:label1" content="Geschätzte Lesezeit" />
	<meta name="twitter:data1" content="1 Minute" />
<script type="application/ld+json" class="yoast-schema-graph">{"@context":"https://schema.org","@graph":[{"@type":"WebSite","@id":"https://ov-g20.de/flohmarkt/#website","url":"https://ov-g20.de/flohmarkt/","name":"DARC G20 Flohmarkt Bergheim","description":"Der Treffpunkt im Westen","potentialAction":[{"@type":"SearchAction","target":{"@type":"EntryPoint","urlTemplate":"https://ov-g20.de/flohmarkt/?s={search_term_string}"},"query-input":"required name=search_term_string"}],"inLanguage":"de-DE"},{"@type":"WebPage","@id":"https://ov-g20.de/flohmarkt/archiv/38-flohmarkt/#webpage","url":"https://ov-g20.de/flohmarkt/archiv/38-flohmarkt/","name":"38. Flohmarkt 2019 - 23. M\u00e4rz 2019 - DARC G20 Flohmarkt Bergheim","isPartOf":{"@id":"https://ov-g20.de/flohmarkt/#website"},"datePublished":"2021-01-21T12:54:27+00:00","dateModified":"2021-01-27T14:59:35+00:00","breadcrumb":{"@id":"https://ov-g20.de/flohmarkt/archiv/38-flohmarkt/#breadcrumb"},"inLanguage":"de-DE","potentialAction":[{"@type":"ReadAction","target":["https://ov-g20.de/flohmarkt/archiv/38-flohmarkt/"]}]},{"@type":"BreadcrumbList","@id":"https://ov-g20.de/flohmarkt/archiv/38-flohmarkt/#breadcrumb","itemListElement":[{"@type":"ListItem","position":1,"name":"Archiv","item":"https://ov-g20.de/flohmarkt/archiv/"},{"@type":"ListItem","position":2,"name":"38. Flohmarkt 2019 &#8211; 23. M\u00e4rz 2019"}]}]}</script>
<!-- / Yoast SEO plugin. -->

38. Flohmarkt 2019 - 23. März 2019 - DARC G20 Flohmarkt Bergheim
