{"id":9317,"date":"2021-01-22T10:47:03","date_gmt":"2021-01-22T09:47:03","guid":{"rendered":"http:\/\/ov-g20.de\/flohmarkt\/?page_id=9317"},"modified":"2021-01-22T11:30:32","modified_gmt":"2021-01-22T10:30:32","slug":"35-flohmarkt","status":"publish","type":"page","link":"https:\/\/ov-g20.de\/flohmarkt\/archiv\/35-flohmarkt\/","title":{"rendered":"35. Flohmarkt 2016 &#8211; 12. M\u00e4rz 2016"},"content":{"rendered":"<section class=\"l-section wpb_row us_custom_19737bc8 height_medium\"><div class=\"l-section-h i-cf\"><div class=\"g-cols vc_row type_default valign_top\"><div class=\"vc_col-sm-12 wpb_column vc_column_container\"><div class=\"vc_column-inner\"><div class=\"wpb_wrapper\"><div class=\"wpb_text_column\" ><div class=\"wpb_wrapper\"><p>Leider sollte uns in diesem Jahr eine schwerer R\u00fcckschlag treffen, und wir mussten notgedrungen diesen Text ver\u00f6ffentlichen:<\/p>\n<div id=\"simple-translate\">\n<div>\n<div class=\"simple-translate-button isShow\" style=\"background-image: url('moz-extension:\/\/ea903886-0b9e-4fdb-8aa5-59fb008190b4\/icons\/512.png'); height: 22px; width: 22px; top: 25px; left: -35px;\"><\/div>\n<div class=\"simple-translate-panel \" style=\"width: 300px; height: 200px; top: 0px; left: 0px; font-size: 13px; background-color: #ffffff;\">\n<div class=\"simple-translate-result-wrapper\" style=\"overflow: hidden;\">\n<div class=\"simple-translate-move\" draggable=\"true\"><\/div>\n<div class=\"simple-translate-result-contents\">\n<p class=\"simple-translate-candidate\" style=\"color: #737373;\">\n<\/div>\n<\/div>\n<\/div>\n<\/div>\n<\/div>\n<\/div><\/div><\/div><\/div><\/div><\/div><\/div><\/section><section class=\"l-section wpb_row height_medium\"><div class=\"l-section-h i-cf\"><div class=\"g-cols vc_row type_default valign_top\"><div class=\"vc_col-sm-2 wpb_column vc_column_container\"><div class=\"vc_column-inner\"><div class=\"wpb_wrapper\"><\/div><\/div><\/div><div class=\"vc_col-sm-8 wpb_column vc_column_container\"><div class=\"vc_column-inner\"><div class=\"wpb_wrapper\"><div class=\"wpb_text_column us_custom_d438978a has_text_color\" ><div class=\"wpb_wrapper\"><h4>Wichtige Neuigkeiten: Der Flohmarkt findet nur im B\u00fcrgerhaus statt.<\/h4>\n<div class=\"\">Liebe Besucher, liebe Aussteller,<\/div>\n<div class=\"\">in diesem Jahr ereilen uns die Unw\u00e4gbarkeiten bei der Nutzung von Sporthallen&#8230;. Kaum hat man die Zitterpartie mit der Fl\u00fcchtlingsproblematik des letzten Jahres \u00fcberstanden, schlagen pl\u00f6tzlich Baum\u00e4ngel zu:<\/div>\n<div class=\"\">Schon im letzten August gingen Berichte \u00fcber Baum\u00e4ngel bei Sporthallen im Kreis Bergheim durch die Presse (<a href=\"http:\/\/www.ksta.de\/bergheim\/sauerkrautdecken-bergheim-schliesst-zwei-sporthallen---einschraenkungen-fuer-sechs-weitere,15189172,31515654.html\" target=\"_blank\" rel=\"alternate noopener\" class=\"broken_link\">Link<\/a>). Gl\u00fccklicherweise wurde &#8220;unsere&#8221; Sporthalle in Quadrath-Ichendorf f\u00fcr unsere Zwecke als nutzbar befunden.<\/div>\n<div class=\"\">Unsere organisatorischen Aufgaben f\u00fcr den Flohmarkt konnten also unvermindert weiter fortgef\u00fchrt werden.<\/div>\n<div class=\"\">In bew\u00e4hrter Weise startete die Reservierung und der Verkauf von Tischen und Tickets am 1.Januar des Jahres. Es schien wieder ein voller Erfolg zu werden, das B\u00fcrgerhaus und die Sporthalle f\u00fcllte sich schnell durch die eingehenden Buchhungen.<\/div>\n<div class=\"\">Die Hiobsbotschaft kam am 5. Februar 2016 durch die Presse (<a href=\"http:\/\/www.ksta.de\/bergheim\/sperrung-wegen-einsturzgefahr--in-bergheim-sind-nur-vier-von-20-hallen-nutzbar,15189172,33723396.html\" target=\"_blank\" rel=\"alternate noopener\" class=\"broken_link\">Link<\/a>): Die Sporthalle Quadrath-Ichendorf ist f\u00fcr die \u00d6ffentlichkeit geschlossen worden. Es gibt Baum\u00e4ngel an den Schallschutzw\u00e4nden, die nur unzureichend befestigt waren! Nach R\u00fccksprache mit der Stadt kam f\u00fcr uns das definitive AUS f\u00fcr die Hallennutzung am 16. Februar. Ein Zutritt zur Halle kann f\u00fcr unseren Flohmarkt-Termin vier Wochen sp\u00e4ter nicht gew\u00e4hrleistet werden.<\/div>\n<div class=\"\">Ausweich-Sporthallen waren aufgrund der Lage und des knappen Zeitraumes keine Alternative. Zwar bem\u00fchten sich alle Beteiligten schnell und unb\u00fcrokratisch um eine L\u00f6sung, die es jedoch leider nicht gab&#8230;<\/div>\n<div class=\"\">Wir sind nun daher gezwungen den Funkflohmarkt ausschlie\u00dflich im B\u00fcrgerhaus durchzuf\u00fchren.<\/div>\n<div class=\"\">+ Wir werden die verbleibende Fl\u00e4che so gut wie m\u00f6glich ausnutzen und versuchen so viele Aussteller wie m\u00f6glich unterzubekommen.<\/div>\n<div class=\"\">+ Es wird dieses Jahr leider kein Vortragsprogramm geben.<\/div>\n<div class=\"\">+ Unsere Cafeteria &#8220;Treffpunkt im Westen&#8221; wird es geben, jedoch etwas kleiner als gewohnt.<\/div>\n<div class=\"\">Wir bedauern aktuellen die Unannehmlichkeiten und bitten um Verst\u00e4ndnis f\u00fcr die Probleme, die wir nicht beeinflussen konnten.<\/div>\n<div class=\"\">Im kommenden Jahr werden wir wieder unsere Hallen in vollem Umfang \u00f6ffnen.<\/div>\n<div class=\"\">Wir w\u00fcrden uns freuen, wenn ihr uns auch in diesem Jahr treu bleibt und unseren Flohmarkt besucht.<\/div>\n<div class=\"\">vy 73 \u00a0euer G20 Flohmarkt-Team<\/div>\n<\/div><\/div><\/div><\/div><\/div><div class=\"vc_col-sm-2 wpb_column vc_column_container\"><div class=\"vc_column-inner\"><div class=\"wpb_wrapper\"><\/div><\/div><\/div><\/div><\/div><\/section><section class=\"l-section wpb_row height_medium\"><div class=\"l-section-h i-cf\"><div class=\"g-cols vc_row type_default valign_top\"><div class=\"vc_col-sm-12 wpb_column vc_column_container\"><div class=\"vc_column-inner\"><div class=\"wpb_wrapper\"><div class=\"wpb_text_column\" ><div class=\"wpb_wrapper\"><p>Links:<\/p>\n<p><a href=\"http:\/\/www.ksta.de\/bergheim\/sauerkrautdecken-bergheim-schliesst-zwei-sporthallen---einschraenkungen-fuer-sechs-weitere,15189172,31515654.html\" target=\"_blank\" rel=\"alternate noopener\" class=\"broken_link\"><span class=\"ArticleTitle\">Bergheim schlie\u00dft zwei Sporthallen &#8211; Einschr\u00e4nkungen f\u00fcr sechs weitere<br \/>\n<\/span><\/a><a href=\"http:\/\/www.ksta.de\/bergheim\/sperrung-wegen-einsturzgefahr--in-bergheim-sind-nur-vier-von-20-hallen-nutzbar,15189172,33723396.htmlhttp:\/\/www.ksta.de\/bergheim\/sperrung-wegen-einsturzgefahr--in-bergheim-sind-nur-vier-von-20-hallen-nutzbar,15189172,33723396.html\" target=\"_blank\" rel=\"alternate noopener\" class=\"broken_link\"><span class=\"ArticleTitle\">In Bergheim sind nur vier von 20 Hallen nutzbar<br \/>\n<\/span><\/a><a href=\"http:\/\/www.ksta.de\/bergheim\/gesperrt-wegen-maenger-bei-der-statik-fuenf-von-zwoelf-hallen-in-bergheim-oeffnen-wieder,15189172,33879204.html\" target=\"_blank\" rel=\"alternate noopener\" class=\"broken_link\">F\u00fcnf von zw\u00f6lf Hallen \u00f6ffnen bald wieder.<\/a><\/p>\n<p>Dennoch war der Flohmarkt ein voller Erfolg, und ein Teil der H\u00e4ndler berichtete sogar das Gesch\u00e4ft ihres Lebens gemacht zu haben.<\/p>\n<p>F\u00fcr 2017 sehen wir positiv in die Zukunft, und werden hoffentlich beide Hallen wieder \u00f6ffnen k\u00f6nnen.<\/p>\n<\/div><\/div><\/div><\/div><\/div><\/div><\/div><\/section>\n","protected":false},"excerpt":{"rendered":"Leider sollte uns in diesem Jahr eine schwerer R\u00fcckschlag treffen, und wir mussten notgedrungen diesen Text ver\u00f6ffentlichen: Wichtige Neuigkeiten: Der Flohmarkt findet nur im B\u00fcrgerhaus statt. Liebe Besucher, liebe Aussteller, in diesem Jahr ereilen uns die Unw\u00e4gbarkeiten bei der Nutzung von Sporthallen&#8230;. Kaum hat man die Zitterpartie mit der Fl\u00fcchtlingsproblematik des letzten Jahres \u00fcberstanden, schlagen...","protected":false},"author":1,"featured_media":0,"parent":6797,"menu_order":0,"comment_status":"closed","ping_status":"closed","template":"","meta":[],"yoast_head":"<!-- This site is optimized with the Yoast SEO plugin v17.6 - https:\/\/yoast.com\/wordpress\/plugins\/seo\/ -->\n<title>35. Flohmarkt 2016 - 12. M\u00e4rz 2016 - DARC G20 Flohmarkt Bergheim<\/title>\n<meta name=\"robots\" content=\"index, follow, max-snippet:-1, max-image-preview:large, max-video-preview:-1\" \/>\n<link rel=\"canonical\" href=\"https:\/\/ov-g20.de\/flohmarkt\/archiv\/35-flohmarkt\/\" \/>\n<meta property=\"og:locale\" content=\"de_DE\" \/>\n<meta property=\"og:type\" content=\"article\" \/>\n<meta property=\"og:title\" content=\"35. Flohmarkt 2016 - 12. M\u00e4rz 2016 - DARC G20 Flohmarkt Bergheim\" \/>\n<meta property=\"og:url\" content=\"https:\/\/ov-g20.de\/flohmarkt\/archiv\/35-flohmarkt\/\" \/>\n<meta property=\"og:site_name\" content=\"DARC G20 Flohmarkt Bergheim\" \/>\n<meta property=\"article:modified_time\" content=\"2021-01-22T10:30:32+00:00\" \/>\n<meta name=\"twitter:card\" content=\"summary_large_image\" \/>\n<meta name=\"twitter:label1\" content=\"Gesch\u00e4tzte Lesezeit\" \/>\n\t<meta name=\"twitter:data1\" content=\"2 Minuten\" \/>\n<script type=\"application\/ld+json\" class=\"yoast-schema-graph\">{\"@context\":\"https:\/\/schema.org\",\"@graph\":[{\"@type\":\"WebSite\",\"@id\":\"https:\/\/ov-g20.de\/flohmarkt\/#website\",\"url\":\"https:\/\/ov-g20.de\/flohmarkt\/\",\"name\":\"DARC G20 Flohmarkt Bergheim\",\"description\":\"Der Treffpunkt im Westen\",\"potentialAction\":[{\"@type\":\"SearchAction\",\"target\":{\"@type\":\"EntryPoint\",\"urlTemplate\":\"https:\/\/ov-g20.de\/flohmarkt\/?s={search_term_string}\"},\"query-input\":\"required name=search_term_string\"}],\"inLanguage\":\"de-DE\"},{\"@type\":\"WebPage\",\"@id\":\"https:\/\/ov-g20.de\/flohmarkt\/archiv\/35-flohmarkt\/#webpage\",\"url\":\"https:\/\/ov-g20.de\/flohmarkt\/archiv\/35-flohmarkt\/\",\"name\":\"35. Flohmarkt 2016 - 12. M\\u00e4rz 2016 - DARC G20 Flohmarkt Bergheim\",\"isPartOf\":{\"@id\":\"https:\/\/ov-g20.de\/flohmarkt\/#website\"},\"datePublished\":\"2021-01-22T09:47:03+00:00\",\"dateModified\":\"2021-01-22T10:30:32+00:00\",\"breadcrumb\":{\"@id\":\"https:\/\/ov-g20.de\/flohmarkt\/archiv\/35-flohmarkt\/#breadcrumb\"},\"inLanguage\":\"de-DE\",\"potentialAction\":[{\"@type\":\"ReadAction\",\"target\":[\"https:\/\/ov-g20.de\/flohmarkt\/archiv\/35-flohmarkt\/\"]}]},{\"@type\":\"BreadcrumbList\",\"@id\":\"https:\/\/ov-g20.de\/flohmarkt\/archiv\/35-flohmarkt\/#breadcrumb\",\"itemListElement\":[{\"@type\":\"ListItem\",\"position\":1,\"name\":\"Archiv\",\"item\":\"https:\/\/ov-g20.de\/flohmarkt\/archiv\/\"},{\"@type\":\"ListItem\",\"position\":2,\"name\":\"35. Flohmarkt 2016 &#8211; 12. M\\u00e4rz 2016\"}]}]}<\/script>\n<!-- \/ Yoast SEO plugin. -->","yoast_head_json":{"title":"35. Flohmarkt 2016 - 12. M\u00e4rz 2016 - DARC G20 Flohmarkt Bergheim","robots":{"index":"index","follow":"follow","max-snippet":"max-snippet:-1","max-image-preview":"max-image-preview:large","max-video-preview":"max-video-preview:-1"},"canonical":"https:\/\/ov-g20.de\/flohmarkt\/archiv\/35-flohmarkt\/","og_locale":"de_DE","og_type":"article","og_title":"35. Flohmarkt 2016 - 12. M\u00e4rz 2016 - DARC G20 Flohmarkt Bergheim","og_url":"https:\/\/ov-g20.de\/flohmarkt\/archiv\/35-flohmarkt\/","og_site_name":"DARC G20 Flohmarkt Bergheim","article_modified_time":"2021-01-22T10:30:32+00:00","twitter_card":"summary_large_image","twitter_misc":{"Gesch\u00e4tzte Lesezeit":"2 Minuten"},"schema":{"@context":"https:\/\/schema.org","@graph":[{"@type":"WebSite","@id":"https:\/\/ov-g20.de\/flohmarkt\/#website","url":"https:\/\/ov-g20.de\/flohmarkt\/","name":"DARC G20 Flohmarkt Bergheim","description":"Der Treffpunkt im Westen","potentialAction":[{"@type":"SearchAction","target":{"@type":"EntryPoint","urlTemplate":"https:\/\/ov-g20.de\/flohmarkt\/?s={search_term_string}"},"query-input":"required name=search_term_string"}],"inLanguage":"de-DE"},{"@type":"WebPage","@id":"https:\/\/ov-g20.de\/flohmarkt\/archiv\/35-flohmarkt\/#webpage","url":"https:\/\/ov-g20.de\/flohmarkt\/archiv\/35-flohmarkt\/","name":"35. Flohmarkt 2016 - 12. M\u00e4rz 2016 - DARC G20 Flohmarkt Bergheim","isPartOf":{"@id":"https:\/\/ov-g20.de\/flohmarkt\/#website"},"datePublished":"2021-01-22T09:47:03+00:00","dateModified":"2021-01-22T10:30:32+00:00","breadcrumb":{"@id":"https:\/\/ov-g20.de\/flohmarkt\/archiv\/35-flohmarkt\/#breadcrumb"},"inLanguage":"de-DE","potentialAction":[{"@type":"ReadAction","target":["https:\/\/ov-g20.de\/flohmarkt\/archiv\/35-flohmarkt\/"]}]},{"@type":"BreadcrumbList","@id":"https:\/\/ov-g20.de\/flohmarkt\/archiv\/35-flohmarkt\/#breadcrumb","itemListElement":[{"@type":"ListItem","position":1,"name":"Archiv","item":"https:\/\/ov-g20.de\/flohmarkt\/archiv\/"},{"@type":"ListItem","position":2,"name":"35. Flohmarkt 2016 &#8211; 12. M\u00e4rz 2016"}]}]}},"_links":{"self":[{"href":"https:\/\/ov-g20.de\/flohmarkt\/wp-json\/wp\/v2\/pages\/9317"}],"collection":[{"href":"https:\/\/ov-g20.de\/flohmarkt\/wp-json\/wp\/v2\/pages"}],"about":[{"href":"https:\/\/ov-g20.de\/flohmarkt\/wp-json\/wp\/v2\/types\/page"}],"author":[{"embeddable":true,"href":"https:\/\/ov-g20.de\/flohmarkt\/wp-json\/wp\/v2\/users\/1"}],"replies":[{"embeddable":true,"href":"https:\/\/ov-g20.de\/flohmarkt\/wp-json\/wp\/v2\/comments?post=9317"}],"version-history":[{"count":6,"href":"https:\/\/ov-g20.de\/flohmarkt\/wp-json\/wp\/v2\/pages\/9317\/revisions"}],"predecessor-version":[{"id":9319,"href":"https:\/\/ov-g20.de\/flohmarkt\/wp-json\/wp\/v2\/pages\/9317\/revisions\/9319"}],"up":[{"embeddable":true,"href":"https:\/\/ov-g20.de\/flohmarkt\/wp-json\/wp\/v2\/pages\/6797"}],"wp:attachment":[{"href":"https:\/\/ov-g20.de\/flohmarkt\/wp-json\/wp\/v2\/media?parent=9317"}],"curies":[{"name":"wp","href":"https:\/\/api.w.org\/{rel}","templated":true}]}}